{"id":6,"date":"2015-05-11T23:59:06","date_gmt":"2015-05-11T23:59:06","guid":{"rendered":"http:\/\/www.graficsuisse.cl\/?page_id=6"},"modified":"2024-07-15T01:59:22","modified_gmt":"2024-07-15T01:59:22","slug":"inicio","status":"publish","type":"page","link":"https:\/\/www.graficsuisse.cl\/","title":{"rendered":"Inicio"},"content":{"rendered":"[vc_row fullwidth=\u00bbtrue\u00bb padding=\u00bb0&#8243;][vc_column][mk_edge_slider swiper_bg=\u00bb#ffffff\u00bb parallax=\u00bbtrue\u00bb order=\u00bbASC\u00bb full_height=\u00bbfalse\u00bb height=\u00bb500&#8243; direction_nav=\u00bbnone\u00bb pagination=\u00bbsmall_dot_stroke\u00bb slides=\u00bb6293,6295,6297,6299,6301&#8243;][\/vc_column][\/vc_row][mk_page_section bg_color=\u00bb#f2f2f2&#8243; sidebar=\u00bbsidebar-1&#8243; first_page=\u00bbfalse\u00bb last_page=\u00bbfalse\u00bb][vc_column width=\u00bb1\/6&#8243;][\/vc_column][vc_column width=\u00bb2\/3&#8243;][mk_padding_divider size=\u00bb60&#8243;][mk_blockquote font_family=\u00bbArial, Helvetica, sans-serif\u00bb font_type=\u00bbsafefont\u00bb animation=\u00bbfade-in\u00bb align=\u00bbcenter\u00bb]\n<p style=\"text-align: center;\">Grafic Suisse es una empresa gr\u00e1fica integral,<\/p>\n<p style=\"text-align: center;\">en donde se desarrolla una variada gama de servicios<\/p>\n<p style=\"text-align: center;\">relacionados con el \u00e1rea del dise\u00f1o e impresi\u00f3n.<\/p>\n<p style=\"text-align: center;\">Experiencia comprobada con m\u00e1s de 20 a\u00f1os<\/p>\n<p style=\"text-align: center;\">al servicio de nuestros clientes.<\/p>\n[\/mk_blockquote][mk_padding_divider size=\u00bb60&#8243;][\/vc_column][vc_column width=\u00bb1\/6&#8243;][\/vc_column][\/mk_page_section][mk_page_section predefined_bg=\u00bb23&#8243; sidebar=\u00bbsidebar-1&#8243; first_page=\u00bbfalse\u00bb last_page=\u00bbfalse\u00bb][vc_column][mk_padding_divider][vc_text_separator title=\u00bbULTIMAS NOTICIAS\u00bb color=\u00bbjuicy_pink\u00bb][mk_blog style=\u00bbgrid\u00bb column=\u00bb2&#8243; grid_image_height=\u00bb250&#8243; pagination=\u00bbfalse\u00bb image_quality=\u00bb1&#8243; count=\u00bb2&#8243; offset=\u00bb0&#8243; cat=\u00bb48, 1&#8243; disable_lightbox=\u00bbfalse\u00bb disable_comments_share=\u00bbtrue\u00bb item_id=\u00bb1432239007-555e3b9f58611&#8243;][mk_padding_divider][\/vc_column][\/mk_page_section][mk_page_section][vc_column][vc_text_separator title=\u00bbPROYECTOS DESTACADOS\u00bb color=\u00bbjuicy_pink\u00bb][mk_padding_divider][mk_gallery images=\u00bb7557,7556,7555,7558,7478,7537,7479,7568,7576,7575,7571,7570,7569,7564,7563,7562,7469&#8243; style=\u00bbstyle3&#8243; image_size=\u00bbfull\u00bb image_quality=\u00bb1&#8243; item_id=\u00bb1432159583-555d055f91ddd\u00bb][vc_text_separator title=\u00bbULTIMOS TRABAJOS\u00bb color=\u00bbjuicy_pink\u00bb][mk_padding_divider][mk_gallery images=\u00bb7398,7390,7497,7467,7477,7476,7393,7319,7499&#8243; style=\u00bbstyle3&#8243; height=\u00bb300&#8243; image_quality=\u00bb1&#8243; item_id=\u00bb1432159583-555d055f91ddd\u00bb][\/vc_column][\/mk_page_section][mk_page_section bg_color=\u00bb#919191&#8243; padding_top=\u00bb30&#8243; padding_bottom=\u00bb0&#8243; sidebar=\u00bbsidebar-1&#8243; first_page=\u00bbfalse\u00bb last_page=\u00bbfalse\u00bb][vc_column][vc_column_text disable_pattern=\u00bbfalse\u00bb align=\u00bbcenter\u00bb]\n<h3 style=\"text-align: center;\"><span style=\"color: #cccccc;\">Red de excelencia Grafic Suisse<\/span><\/h3>\n[\/vc_column_text][\/vc_column][\/mk_page_section][mk_page_section bg_color=\u00bb#919191&#8243; padding_top=\u00bb0&#8243; padding_bottom=\u00bb30&#8243; sidebar=\u00bbsidebar-1&#8243; first_page=\u00bbfalse\u00bb last_page=\u00bbfalse\u00bb][vc_column width=\u00bb1\/4&#8243;][mk_image src=\u00bbhttp:\/\/www.graficsuisse.cl\/wp-content\/uploads\/2015\/05\/logo_gs_fondogris_200.png\u00bb image_width=\u00bb180&#8243; align=\u00bbcenter\u00bb crop=\u00bbfalse\u00bb][\/vc_column][vc_column width=\u00bb1\/4&#8243;][mk_image src=\u00bbhttp:\/\/www.graficsuisse.cl\/wp-content\/uploads\/2015\/05\/logo_CCHSC_fdogris_200_3.png\u00bb image_width=\u00bb250&#8243; align=\u00bbcenter\u00bb margin_bottom=\u00bb20&#8243; crop=\u00bbfalse\u00bb][\/vc_column][vc_column width=\u00bb1\/4&#8243;][mk_image src=\u00bbhttp:\/\/www.graficsuisse.cl\/wp-content\/uploads\/2015\/05\/logo_stone_bco_trans200.png\u00bb image_width=\u00bb160&#8243; align=\u00bbcenter\u00bb crop=\u00bbfalse\u00bb][\/vc_column][vc_column width=\u00bb1\/4&#8243;][mk_image src=\u00bbhttp:\/\/www.graficsuisse.cl\/wp-content\/uploads\/2015\/05\/logo_antalis_fondogris_200.png\u00bb image_width=\u00bb178&#8243; align=\u00bbcenter\u00bb crop=\u00bbfalse\u00bb][\/vc_column][\/mk_page_section][mk_page_section bg_image=\u00bbhttp:\/\/www.graficsuisse.cl\/wp-content\/uploads\/2015\/06\/reloj-Berna_op30.jpg\u00bb attachment=\u00bbfixed\u00bb bg_position=\u00bbcenter center\u00bb bg_stretch=\u00bbtrue\u00bb speed_factor=\u00bb0.6&#8243; min_height=\u00bb240&#8243; full_width=\u00bbtrue\u00bb padding_top=\u00bb0&#8243; padding_bottom=\u00bb0&#8243; sidebar=\u00bbsidebar-1&#8243; first_page=\u00bbfalse\u00bb last_page=\u00bbfalse\u00bb][vc_column width=\u00bb1\/4&#8243;][\/vc_column][vc_column width=\u00bb1\/2&#8243;][mk_padding_divider size=\u00bb80&#8243;][vc_column_text align=\u00bbcenter\u00bb animation=\u00bbfade-in\u00bb]\n<h4 style=\"text-align: center;\"><strong><span style=\"color: #ffffff;\">Sin\u00f3nimo de Calidad, Precisi\u00f3n y Cumplimiento es Suiza.<\/span><\/strong><\/h4>\n<h4 style=\"text-align: center;\"><strong><span style=\"color: #ffffff;\">Grafic Suisse rescata y hace suyos los conceptos y valores \u00e9ticos de este pa\u00eds.<\/span><\/strong><\/h4>\n[\/vc_column_text][\/vc_column][vc_column width=\u00bb1\/4&#8243;][\/vc_column][\/mk_page_section][mk_page_section bg_image=\u00bbhttp:\/\/www.graficsuisse.cl\/wp-content\/uploads\/2015\/06\/stone700_op30.jpg\u00bb attachment=\u00bbfixed\u00bb bg_position=\u00bbcenter top\u00bb bg_stretch=\u00bbtrue\u00bb speed_factor=\u00bb0.6&#8243; min_height=\u00bb240&#8243; full_width=\u00bbtrue\u00bb padding_top=\u00bb0&#8243; padding_bottom=\u00bb0&#8243; sidebar=\u00bbsidebar-1&#8243; first_page=\u00bbfalse\u00bb last_page=\u00bbfalse\u00bb][vc_column width=\u00bb1\/4&#8243;][\/vc_column][vc_column width=\u00bb1\/2&#8243;][mk_padding_divider][mk_image src=\u00bbhttp:\/\/www.graficsuisse.cl\/wp-content\/uploads\/2015\/05\/alianzaGS_stone2.png\u00bb image_width=\u00bb200&#8243; align=\u00bbcenter\u00bb crop=\u00bbfalse\u00bb][vc_column_text align=\u00bbcenter\u00bb animation=\u00bbfade-in\u00bb]\n<h4 style=\"text-align: center;\"><span style=\"color: #ffffff;\">En nuestra b\u00fasqueda en colaborar con el medio ambiente, hemos establecido una alianza con <strong>Stone Paper<\/strong>, papel mineral fabricado en base a carbonato de calcio y HDPE.<\/span><\/h4>\n[\/vc_column_text][\/vc_column][vc_column width=\u00bb1\/4&#8243;][\/vc_column][\/mk_page_section][mk_page_section bg_color=\u00bb#dddddd\u00bb bg_stretch=\u00bbtrue\u00bb min_height=\u00bb50&#8243; padding_top=\u00bb20&#8243; sidebar=\u00bbsidebar-1&#8243; first_page=\u00bbfalse\u00bb last_page=\u00bbfalse\u00bb][vc_column][mk_padding_divider][vc_text_separator title=\u00bbCont\u00e1ctenos\u00bb color=\u00bbcustom\u00bb accent_color=\u00bb#e60a0a\u00bb][\/vc_column][\/mk_page_section][mk_page_section bg_color=\u00bb#dddddd\u00bb attachment=\u00bbfixed\u00bb bg_position=\u00bbcenter center\u00bb bg_repeat=\u00bbno-repeat\u00bb min_height=\u00bb0&#8243; padding_top=\u00bb20&#8243; padding_bottom=\u00bb20&#8243; sidebar=\u00bbsidebar-1&#8243; first_page=\u00bbfalse\u00bb last_page=\u00bbfalse\u00bb][vc_column width=\u00bb1\/3&#8243; css=\u00bb.vc_custom_1433380998252{margin-top: 0px !important;margin-right: 0px !important;margin-bottom: 0px !important;margin-left: 0px !important;border-top-width: 0px !important;border-right-width: 0px !important;border-bottom-width: 0px !important;border-left-width: 0px !important;padding-top: 0px !important;padding-right: 0px !important;padding-bottom: 0px !important;padding-left: 0px !important;border-left-color: #ffffff !important;border-right-color: #ffffff !important;border-top-color: #ffffff !important;border-bottom-color: #ffffff !important;}\u00bb][vc_gmaps link=\u00bb#E-8_JTNDaWZyYW1lJTIwc3JjJTNEJTIyaHR0cHMlM0ElMkYlMkZ3d3cuZ29vZ2xlLmNvbSUyRm1hcHMlMkZlbWJlZCUzRnBiJTNEJTIxMW0xOCUyMTFtMTIlMjExbTMlMjExZDEwNjEuNzE0ODY4NDU1NTQzJTIxMmQtNzAuNjUwMjY2Njg1MTUyODMlMjEzZC0zMy40NjIzNzAzMzM0NjU5NCUyMTJtMyUyMTFmMCUyMTJmMCUyMTNmMCUyMTNtMiUyMTFpMTAyNCUyMTJpNzY4JTIxNGYxMy4xJTIxM20zJTIxMW0yJTIxMXMweDk2NjJjNTE0NzE4ZWE4NWIlMjUzQTB4NmZhZTM1ODY3YTQyZWRjJTIxMnNTYW50aWFnbyUyNTIwMTEzNyUyNTJDJTI1MjA4MzYwMjcwJTI1MjBTYW50aWFnbyUyNTJDJTI1MjBSZWdpJTI1QzMlMjVCM24lMjUyME1ldHJvcG9saXRhbmElMjE1ZTAlMjEzbTIlMjExc2VzJTIxMnNjbCUyMTR2MTY4NDg5MzI2MTcxMyUyMTVtMiUyMTFzZXMlMjEyc2NsJTIyJTIwd2lkdGglM0QlMjI2MDAlMjIlMjBoZWlnaHQlM0QlMjI0NTAlMjIlMjBzdHlsZSUzRCUyMmJvcmRlciUzQTAlM0IlMjIlMjBhbGxvd2Z1bGxzY3JlZW4lM0QlMjIlMjIlMjBsb2FkaW5nJTNEJTIybGF6eSUyMiUyMHJlZmVycmVycG9saWN5JTNEJTIybm8tcmVmZXJyZXItd2hlbi1kb3duZ3JhZGUlMjIlM0UlM0MlMkZpZnJhbWUlM0U=\u00bb size=\u00bb280&#8243;][\/vc_column][vc_column width=\u00bb1\/3&#8243; css=\u00bb.vc_custom_1433381188265{padding-left: 30px !important;}\u00bb][vc_column_text]<div id=\"fb-root\"><\/div>\n\t\t\t\t\t<script>(function(d, s, id) {\n\t\t\t\t\t  var js, fjs = d.getElementsByTagName(s)[0];\n\t\t\t\t\t  if (d.getElementById(id)) return;\n\t\t\t\t\t  js = d.createElement(s); js.id = id;\n\t\t\t\t\t  js.src = \"\/\/connect.facebook.net\/es_LA\/all.js#xfbml=1&appId=395202813876688\";\n\t\t\t\t\t  fjs.parentNode.insertBefore(js, fjs);\n\t\t\t\t\t}(document, 'script', 'facebook-jssdk'));<\/script><div class=\"fb-like-box responsive \" data-href=\"https:\/\/www.facebook.com\/Imprenta-Grafic-Suisse-1697728673775138\" data-colorscheme=\"light\" data-width=\"300\" data-height=\"280\" data-show-faces=true data-header=true data-stream=true data-show-border=true><\/div>[\/vc_column_text][\/vc_column][vc_column width=\u00bb1\/3&#8243;][vc_widget_sidebar sidebar_id=\u00bbsidebar-23&#8243;][\/vc_column][\/mk_page_section]\n","protected":false},"excerpt":{"rendered":"<p>[vc_row fullwidth=\u00bbtrue\u00bb padding=\u00bb0&#8243;][vc_column][mk_edge_slider swiper_bg=\u00bb#ffffff\u00bb parallax=\u00bbtrue\u00bb order=\u00bbASC\u00bb full_height=\u00bbfalse\u00bb height=\u00bb500&#8243; direction_nav=\u00bbnone\u00bb pagination=\u00bbsmall_dot_stroke\u00bb slides=\u00bb6293,6295,6297,6299,6301&#8243;][\/vc_column][\/vc_row][mk_page_section bg_color=\u00bb#f2f2f2&#8243; sidebar=\u00bbsidebar-1&#8243; first_page=\u00bbfalse\u00bb last_page=\u00bbfalse\u00bb][vc_column width=\u00bb1\/6&#8243;][\/vc_column][vc_column width=\u00bb2\/3&#8243;][mk_padding_divider size=\u00bb60&#8243;][mk_blockquote font_family=\u00bbArial, Helvetica, sans-serif\u00bb font_type=\u00bbsafefont\u00bb animation=\u00bbfade-in\u00bb align=\u00bbcenter\u00bb] Grafic Suisse es una empresa gr\u00e1fica integral, en donde se desarrolla una variada gama de servicios relacionados con el \u00e1rea del dise\u00f1o e impresi\u00f3n. Experiencia comprobada con m\u00e1s de 20 a\u00f1os [&hellip;]<\/p>\n","protected":false},"author":1,"featured_media":0,"parent":0,"menu_order":0,"comment_status":"open","ping_status":"open","template":"","meta":{"footnotes":""},"class_list":["post-6","page","type-page","status-publish","hentry"],"_links":{"self":[{"href":"https:\/\/www.graficsuisse.cl\/index.php?rest_route=\/wp\/v2\/pages\/6","targetHints":{"allow":["GET"]}}],"collection":[{"href":"https:\/\/www.graficsuisse.cl\/index.php?rest_route=\/wp\/v2\/pages"}],"about":[{"href":"https:\/\/www.graficsuisse.cl\/index.php?rest_route=\/wp\/v2\/types\/page"}],"author":[{"embeddable":true,"href":"https:\/\/www.graficsuisse.cl\/index.php?rest_route=\/wp\/v2\/users\/1"}],"replies":[{"embeddable":true,"href":"https:\/\/www.graficsuisse.cl\/index.php?rest_route=%2Fwp%2Fv2%2Fcomments&post=6"}],"version-history":[{"count":158,"href":"https:\/\/www.graficsuisse.cl\/index.php?rest_route=\/wp\/v2\/pages\/6\/revisions"}],"predecessor-version":[{"id":7581,"href":"https:\/\/www.graficsuisse.cl\/index.php?rest_route=\/wp\/v2\/pages\/6\/revisions\/7581"}],"wp:attachment":[{"href":"https:\/\/www.graficsuisse.cl\/index.php?rest_route=%2Fwp%2Fv2%2Fmedia&parent=6"}],"curies":[{"name":"wp","href":"https:\/\/api.w.org\/{rel}","templated":true}]}}

[vc_row fullwidth=»true» padding=»0&#8243;][vc_column][mk_edge_slider swiper_bg=»#ffffff» parallax=»true» order=»ASC» full_height=»false» height=»500&#8243; direction_nav=»none» pagination=»small_dot_stroke» slides=»6293,6295,6297,6299,6301&#8243;][/vc_column][/vc_row][mk_page_section bg_color=»#f2f2f2&#8243; sidebar=»sidebar-1&#8243; first_page=»false» last_page=»false»][vc_column width=»1/6&#8243;][/vc_column][vc_column width=»2/3&#8243;][mk_padding_divider size=»60&#8243;][mk_blockquote font_family=»Arial, Helvetica, sans-serif» font_type=»safefont» animation=»fade-in» align=»center»]
<p style="text-align: center;">Grafic Suisse es una empresa gráfica integral,</p>
<p style="text-align: center;">en donde se desarrolla una variada gama de servicios</p>
<p style="text-align: center;">relacionados con el área del diseño e impresión.</p>
<p style="text-align: center;">Experiencia comprobada con más de 20 años</p>
<p style="text-align: center;">al servicio de nuestros clientes.</p>
[/mk_blockquote][mk_padding_divider size=»60&#8243;][/vc_column][vc_column width=»1/6&#8243;][/vc_column][/mk_page_section][mk_page_section predefined_bg=»23&#8243; sidebar=»sidebar-1&#8243; first_page=»false» last_page=»false»][vc_column][mk_padding_divider][vc_text_separator title=»ULTIMAS NOTICIAS» color=»juicy_pink»][mk_blog style=»grid» column=»2&#8243; grid_image_height=»250&#8243; pagination=»false» image_quality=»1&#8243; count=»2&#8243; offset=»0&#8243; cat=»48, 1&#8243; disable_lightbox=»false» disable_comments_share=»true» item_id=»1432239007-555e3b9f58611&#8243;][mk_padding_divider][/vc_column][/mk_page_section][mk_page_section][vc_column][vc_text_separator title=»PROYECTOS DESTACADOS» color=»juicy_pink»][mk_padding_divider][mk_gallery images=»7557,7556,7555,7558,7478,7537,7479,7568,7576,7575,7571,7570,7569,7564,7563,7562,7469&#8243; style=»style3&#8243; image_size=»full» image_quality=»1&#8243; item_id=»1432159583-555d055f91ddd»][vc_text_separator title=»ULTIMOS TRABAJOS» color=»juicy_pink»][mk_padding_divider][mk_gallery images=»7398,7390,7497,7467,7477,7476,7393,7319,7499&#8243; style=»style3&#8243; height=»300&#8243; image_quality=»1&#8243; item_id=»1432159583-555d055f91ddd»][/vc_column][/mk_page_section][mk_page_section bg_color=»#919191&#8243; padding_top=»30&#8243; padding_bottom=»0&#8243; sidebar=»sidebar-1&#8243; first_page=»false» last_page=»false»][vc_column][vc_column_text disable_pattern=»false» align=»center»]
<h3 style="text-align: center;"><span style="color: #cccccc;">Red de excelencia Grafic Suisse</span></h3>
[/vc_column_text][/vc_column][/mk_page_section][mk_page_section bg_color=»#919191&#8243; padding_top=»0&#8243; padding_bottom=»30&#8243; sidebar=»sidebar-1&#8243; first_page=»false» last_page=»false»][vc_column width=»1/4&#8243;][mk_image src=»http://www.graficsuisse.cl/wp-content/uploads/2015/05/logo_gs_fondogris_200.png» image_width=»180&#8243; align=»center» crop=»false»][/vc_column][vc_column width=»1/4&#8243;][mk_image src=»http://www.graficsuisse.cl/wp-content/uploads/2015/05/logo_CCHSC_fdogris_200_3.png» image_width=»250&#8243; align=»center» margin_bottom=»20&#8243; crop=»false»][/vc_column][vc_column width=»1/4&#8243;][mk_image src=»http://www.graficsuisse.cl/wp-content/uploads/2015/05/logo_stone_bco_trans200.png» image_width=»160&#8243; align=»center» crop=»false»][/vc_column][vc_column width=»1/4&#8243;][mk_image src=»http://www.graficsuisse.cl/wp-content/uploads/2015/05/logo_antalis_fondogris_200.png» image_width=»178&#8243; align=»center» crop=»false»][/vc_column][/mk_page_section][mk_page_section bg_image=»http://www.graficsuisse.cl/wp-content/uploads/2015/06/reloj-Berna_op30.jpg» attachment=»fixed» bg_position=»center center» bg_stretch=»true» speed_factor=»0.6&#8243; min_height=»240&#8243; full_width=»true» padding_top=»0&#8243; padding_bottom=»0&#8243; sidebar=»sidebar-1&#8243; first_page=»false» last_page=»false»][vc_column width=»1/4&#8243;][/vc_column][vc_column width=»1/2&#8243;][mk_padding_divider size=»80&#8243;][vc_column_text align=»center» animation=»fade-in»]
<h4 style="text-align: center;"><strong><span style="color: #ffffff;">Sinónimo de Calidad, Precisión y Cumplimiento es Suiza.</span></strong></h4>
<h4 style="text-align: center;"><strong><span style="color: #ffffff;">Grafic Suisse rescata y hace suyos los conceptos y valores éticos de este país.</span></strong></h4>
[/vc_column_text][/vc_column][vc_column width=»1/4&#8243;][/vc_column][/mk_page_section][mk_page_section bg_image=»http://www.graficsuisse.cl/wp-content/uploads/2015/06/stone700_op30.jpg» attachment=»fixed» bg_position=»center top» bg_stretch=»true» speed_factor=»0.6&#8243; min_height=»240&#8243; full_width=»true» padding_top=»0&#8243; padding_bottom=»0&#8243; sidebar=»sidebar-1&#8243; first_page=»false» last_page=»false»][vc_column width=»1/4&#8243;][/vc_column][vc_column width=»1/2&#8243;][mk_padding_divider][mk_image src=»http://www.graficsuisse.cl/wp-content/uploads/2015/05/alianzaGS_stone2.png» image_width=»200&#8243; align=»center» crop=»false»][vc_column_text align=»center» animation=»fade-in»]
<h4 style="text-align: center;"><span style="color: #ffffff;">En nuestra búsqueda en colaborar con el medio ambiente, hemos establecido una alianza con <strong>Stone Paper</strong>, papel mineral fabricado en base a carbonato de calcio y HDPE.</span></h4>
[/vc_column_text][/vc_column][vc_column width=»1/4&#8243;][/vc_column][/mk_page_section][mk_page_section bg_color=»#dddddd» bg_stretch=»true» min_height=»50&#8243; padding_top=»20&#8243; sidebar=»sidebar-1&#8243; first_page=»false» last_page=»false»][vc_column][mk_padding_divider][vc_text_separator title=»Contáctenos» color=»custom» accent_color=»#e60a0a»][/vc_column][/mk_page_section][mk_page_section bg_color=»#dddddd» attachment=»fixed» bg_position=»center center» bg_repeat=»no-repeat» min_height=»0&#8243; padding_top=»20&#8243; padding_bottom=»20&#8243; sidebar=»sidebar-1&#8243; first_page=»false» last_page=»false»][vc_column width=»1/3&#8243; css=».vc_custom_1433380998252{margin-top: 0px !important;margin-right: 0px !important;margin-bottom: 0px !important;margin-left: 0px !important;border-top-width: 0px !important;border-right-width: 0px !important;border-bottom-width: 0px !important;border-left-width: 0px !important;padding-top: 0px !important;padding-right: 0px !important;padding-bottom: 0px !important;padding-left: 0px !important;border-left-color: #ffffff !important;border-right-color: #ffffff !important;border-top-color: #ffffff !important;border-bottom-color: #ffffff !important;}»][vc_gmaps link=»#E-8_JTNDaWZyYW1lJTIwc3JjJTNEJTIyaHR0cHMlM0ElMkYlMkZ3d3cuZ29vZ2xlLmNvbSUyRm1hcHMlMkZlbWJlZCUzRnBiJTNEJTIxMW0xOCUyMTFtMTIlMjExbTMlMjExZDEwNjEuNzE0ODY4NDU1NTQzJTIxMmQtNzAuNjUwMjY2Njg1MTUyODMlMjEzZC0zMy40NjIzNzAzMzM0NjU5NCUyMTJtMyUyMTFmMCUyMTJmMCUyMTNmMCUyMTNtMiUyMTFpMTAyNCUyMTJpNzY4JTIxNGYxMy4xJTIxM20zJTIxMW0yJTIxMXMweDk2NjJjNTE0NzE4ZWE4NWIlMjUzQTB4NmZhZTM1ODY3YTQyZWRjJTIxMnNTYW50aWFnbyUyNTIwMTEzNyUyNTJDJTI1MjA4MzYwMjcwJTI1MjBTYW50aWFnbyUyNTJDJTI1MjBSZWdpJTI1QzMlMjVCM24lMjUyME1ldHJvcG9saXRhbmElMjE1ZTAlMjEzbTIlMjExc2VzJTIxMnNjbCUyMTR2MTY4NDg5MzI2MTcxMyUyMTVtMiUyMTFzZXMlMjEyc2NsJTIyJTIwd2lkdGglM0QlMjI2MDAlMjIlMjBoZWlnaHQlM0QlMjI0NTAlMjIlMjBzdHlsZSUzRCUyMmJvcmRlciUzQTAlM0IlMjIlMjBhbGxvd2Z1bGxzY3JlZW4lM0QlMjIlMjIlMjBsb2FkaW5nJTNEJTIybGF6eSUyMiUyMHJlZmVycmVycG9saWN5JTNEJTIybm8tcmVmZXJyZXItd2hlbi1kb3duZ3JhZGUlMjIlM0UlM0MlMkZpZnJhbWUlM0U=» size=»280&#8243;][/vc_column][vc_column width=»1/3&#8243; css=».vc_custom_1433381188265{padding-left: 30px !important;}»][vc_column_text]<div id="fb-root"></div>
					<script>(function(d, s, id) {
					  var js, fjs = d.getElementsByTagName(s)[0];
					  if (d.getElementById(id)) return;
					  js = d.createElement(s); js.id = id;
					  js.src = "//connect.facebook.net/es_LA/all.js#xfbml=1&appId=395202813876688";
					  fjs.parentNode.insertBefore(js, fjs);
					}(document, 'script', 'facebook-jssdk'));</script><div class="fb-like-box responsive " data-href="https://www.facebook.com/Imprenta-Grafic-Suisse-1697728673775138" data-colorscheme="light" data-width="300" data-height="280" data-show-faces=true data-header=true data-stream=true data-show-border=true></div>[/vc_column_text][/vc_column][vc_column width=»1/3&#8243;][vc_widget_sidebar sidebar_id=»sidebar-23&#8243;][/vc_column][/mk_page_section]

<p>[vc_row fullwidth=»true» padding=»0&#8243;][vc_column][mk_edge_slider swiper_bg=»#ffffff» parallax=»true» order=»ASC» full_height=»false» height=»500&#8243; direction_nav=»none» pagination=»small_dot_stroke» slides=»6293,6295,6297,6299,6301&#8243;][/vc_column][/vc_row][mk_page_section bg_color=»#f2f2f2&#8243; sidebar=»sidebar-1&#8243; first_page=»false» last_page=»false»][vc_column width=»1/6&#8243;][/vc_column][vc_column width=»2/3&#8243;][mk_padding_divider size=»60&#8243;][mk_blockquote font_family=»Arial, Helvetica, sans-serif» font_type=»safefont» animation=»fade-in» align=»center»] Grafic Suisse es una empresa gráfica integral, en donde se desarrolla una variada gama de servicios relacionados con el área del diseño e impresión. Experiencia comprobada con más de 20 años [&hellip;]</p>
